units digit of u?
8
Suppose -2*a = c - 5, -5*a + 5*c - 10 = -0. Suppose -h + 5 = -a. What is the units digit of 4/h*(-3)/(-2)?
1
Let r be 3*(-1)/(-3) + 2. What is the tens digit of ((-20)/6)/((-1)/r)?
1
Suppose -5*p = 4*s - 450, -s + 6*s - 270 = -3*p. What is the units digit of p?
0
Suppose -744 = -9*b + 6*b. What is the units digit of b?
8
Suppose -10*v = -2*v - 960. What is the hundreds digit of v?
1
Let w = 2 + -4. What is the units digit of (w/(-3))/((-2)/(-9))?
3
Suppose i - 6 = 5*b - 1, 3*i + 40 = 4*b. Let t = -12 - i. What is the units digit of t?
8
Let j be (-4)/(-6) - 28/(-12). What is the units digit of (j + 87/(-12))*-4?
7
What is the tens digit of (-3 - 52/(-20))*-45?
1
Let c = 16 - -1. What is the tens digit of c?
1
Let f(r) = 3*r - 8. Let i be f(5). Suppose -43 = -2*w - i. What is the units digit of w?
8
Let o be (8/20)/((-1)/15). Let c(f) = -3*f. What is the units digit of c(o)?
8
Suppose 5*j - 587 = c + 679, -j + 248 = 5*c. What is the hundreds digit of j?
2
Let s(g) = g**3 + 15*g**2 + 26*g + 11. What is the units digit of s(-12)?
1
Suppose -2*s - 2*c + 6 = 0, s + 6*c + 5 = c. Suppose -10 = j + s*m + 8, -4*j + 13 = 3*m. Suppose 5*y + 18 = x + j*y, 0 = 4*y - 12. What is the tens digit of x?
1
Let n(q) = -q**3 - 5*q**2 + 6*q + 2. Let a be n(-6). Suppose -3*x + 3 = a*i, 4*x - 2 = 2. Suppose i = -5*p + 2*p + 21. What is the units digit of p?
7
Let l(j) = j**2 - 5*j. Let s be l(6). Let t = s - 3. What is the units digit of t?
3
What is the units digit of 457/5 + (-7)/((-105)/(-6))?
1
Let w = 143 + -27. What is the tens digit of w?
1
Suppose -2*x - x + 6 = 0. Suppose -2*y - r + 13 = 0, 0*r - r = -x*y + 7. Suppose -3*b - 2*h = -y*b + 32, 0 = -b + 5*h + 12. What is the tens digit of b?
1
Let n(p) = 6*p**2 + 10*p + 7. Let s(o) = -7*o**2 - 10*o - 7. Let m(b) = 6*n(b) + 5*s(b). What is the units digit of m(-10)?
7
Let r = 20 - -11. What is the units digit of r?
1
Let m(k) = -k**2 - 9*k - 9. Let a be m(-7). Suppose 6 = a*p + 1. What is the units digit of p*3 + (2 - 0)?
5
Let z(i) = i**2 + 7*i + 14. What is the tens digit of z(-13)?
9
Let c = 3 + -5. Let p be 12/(-8)*3*(-30)/27. Let i = p + c. What is the units digit of i?
3
Suppose -19 + 160 = 3*t. Let n = t - 27. What is the tens digit of n?
2
Let z be -4*1/(-4)*5. Suppose z*a = 18 + 27. What is the units digit of a?
9
Let z(o) be the second derivative of 7*o**5/40 - o**4/24 + 2*o**3/3 + 4*o. Let l(d) be the second derivative of z(d). What is the tens digit of l(1)?
2
Let v be ((-10)/4)/((-2)/68). What is the units digit of 2/(-3) + v/15?
5
Let v(j) = -5 - 37*j + 5. Let u be v(-1). Suppose -5*f + 2*q + u = 0, -f + 2*q - q + 8 = 0. What is the units digit of f?
7
Let r = 6 - 5. Suppose i + r = 4. Suppose i*z = -u + 1 + 7, -11 = -2*z + 5*u. What is the units digit of z?
3
Let x = -16 - 0. Suppose 0 = 5*c + 2*f - f + 50, 0 = 3*c + 2*f + 30. Let p = c - x. What is the units digit of p?
6
Let b be 6/(-6) + (-12)/(-2). Suppose -3*c + 0*c = 5*l + 5, -b*l = -c - 15. What is the units digit of l?
2
Suppose 2232 = 4*h + 4*x, 729 - 1853 = -2*h + 2*x. Let m = h + -383. What is the tens digit of (-4)/6 - m/(-9)?
1
Let a = -10 - -61. Suppose -a + 12 = -3*z. What is the tens digit of z?
1
Let g(y) = -y**2 + 3*y + 14. Let x be g(-15). What is the tens digit of x/(-7) + 18/42?
3
Let v(z) = z**2 - 3*z - 1. Let t(p) = -p**2 - p. Let w(i) = -2*t(i) - v(i). What is the units digit of w(-5)?
1
Let s(g) = -2*g**2 - 4*g + 7. Let h(k) = -k**2 - k + 1. Let f(n) = -3*h(n) + s(n). What is the units digit of f(-5)?
4
Let p(v) = v**2 + 2*v + 6. Let l = -4 + 0. What is the tens digit of p(l)?
1
Suppose -17 = -3*c - 5*z, 3*c - 17 = -c - z. Suppose 4*j - 40 = 5*g, -c*g + 2*g = -8. Let a = -11 + j. What is the units digit of a?
4
Let g = -205 + 429. What is the units digit of g?
4
Let z be (3 - 2)/((-2)/12). Let k(j) = -j**2 - 7*j + 3. What is the units digit of k(z)?
9
Let c(o) = o**2 - 6*o - 6. Let q be c(8). What is the units digit of 5/q + 22/4?
6
Let p(d) = 0*d**2 + d**2 - 9*d + 0*d**2 + 2. What is the units digit of p(9)?
2
Let u be (0*(-2)/6)/2. Suppose 5*f + 0*c - 4*c = 49, u = -3*c + 12. What is the units digit of f?
3
Suppose -3*f + 245 + 3 = 4*y, -y = -4*f - 62. What is the units digit of y?
2
Let b be 176/(-6)*(-27)/6. What is the units digit of b/(-9)*6/(-4)?
2
Let q = -4 + -3. Let x(o) = o + 9. Let s be x(q). Let u(d) = 3*d - 2. What is the units digit of u(s)?
4
What is the hundreds digit of (6/(-10))/(1/(-505))?
3
Let v(m) = -29*m + 4 + 0 - 18*m - 3. What is the units digit of v(-1)?
8
Suppose 2*c = c + 21. Suppose -3*k + 140 = 5*w, w - 49 = 4*k - c. What is the tens digit of w?
2
Let j(s) = s**2 + 3*s - 6. Let n be j(-5). Suppose 3*l = t, -20 = -t - n*l + 8. What is the units digit of t?
2
Let g = -56 - -71. What is the tens digit of g?
1
Let l = -68 - -97. Suppose -4*f = q + 58, -4*f + l = -q - 21. What is the units digit of (-312)/q - 4/(-18)?
6
Suppose -o = -1 - 4. Suppose -4*g + 8 = 0, o*g - 136 = -3*f - 36. What is the units digit of f?
0
What is the hundreds digit of 112 + -2 + 0 + 0?
1
Let f(t) = 2*t - 8. Let w be f(6). Suppose 6*s - 21 = 3*s - 2*y, 0 = -w*s + 2*y + 14. What is the units digit of s?
5
Let j = 90 + -76. What is the units digit of j?
4
Suppose 3*u + 2*d - 4 = 5, -4*d = 3*u - 3. What is the units digit of (1 - -3 - 1) + u?
8
Let a(y) = 0 - 1 + 3 + 6*y - 10 + 2*y**2. What is the tens digit of a(-7)?
4
Suppose -8 = -2*y - 0*y. Let l = y - -1. What is the units digit of l?
5
Let a = 23 - 33. Suppose l - 2*n - 2*n - 27 = 0, 0 = -4*l - 2*n + 72. Let w = l + a. What is the units digit of w?
9
Let h(q) be the second derivative of q**3/3 + 11*q**2/2 - q. What is the units digit of h(0)?
1
Suppose 2*t = -2*t + 176. What is the units digit of t?
4
What is the tens digit of 6/4*((-960)/18)/(-4)?
2
Let g = 3 + 1. Let c be ((-28)/(-10))/(g/60). What is the units digit of c/10 + 3/(-15)?
4
What is the tens digit of 627/12 - -2*(-4)/32?
5
Let d = -21 + 48. What is the tens digit of d?
2
Suppose -4*o + 3*n + 20 = 0, -5*o - 10 = 6*n - n. Suppose -4 = -o*p + 22. What is the units digit of p?
3
Let w = 14 + -8. Suppose 3 = 3*v - w. Suppose -2 - 10 = -v*z. What is the units digit of z?
4
Let r(h) = -2*h**2 - 18*h + 17. What is the tens digit of r(-9)?
1
Let q(z) = 5*z**3 + z**3 - z**2 + 3*z**3. Let f be q(-1). Let b = f - -14. What is the units digit of b?
4
Let n = 2 - -3. Suppose -n*y - 2*o = -45, 2*y - 4*y + o = -9. What is the units digit of y?
7
What is the tens digit of (59/(-2))/(10/(-20))?
5
Suppose -21 = -j + 2*d + 10, 4*j - 2*d - 94 = 0. What is the tens digit of j?
2
Let y be (1/4)/((-6)/(-24)). Let g(l) = -46*l**2. Let o be g(y). Let z = -27 - o. What is the tens digit of z?
1
Let u = 55 - -9. What is the units digit of u?
4
Let m(h) = -h**2 + 6*h. Let n be -1*(-3)/1 - -2. Let d be m(n). Suppose 2*u = -g + 23, -39 = -d*g + 3*u + 37. What is the units digit of g?
7
Let c be 4*(-3)/(3/(-2)). Suppose i - 4 = c. What is the units digit of i?
2
Let h(o) = 2*o**2 + 9*o + 11. What is the units digit of h(-5)?
6
Suppose -5*d - 6*t = -4*t - 80, -t - 41 = -2*d. What is the tens digit of d?
1
Suppose 0 = 6*t - 4*t - 8. Suppose -d = -t*d. Let x(f) = -f + 6. What is the units digit of x(d)?
6
Suppose -95*u = -100*u + 520. What is the hundreds digit of u?
1
Suppose -9*q - q = -270. What is the units digit of q?
7
Suppose -2*y = -y - 7. Suppose 0 = -3*j - 5*f + 30, 5*j = 3*f - y + 91. What is the tens digit of j?
1
Let z = 3 + -8. Let j = 27 + -37. Let i = z - j. What is the units digit of i?
5
Suppose 4*s = 3*v - 155, 204 = 4*v - 3*s + 2. What is the tens digit of v?
4
Suppose 2*h = 3*z + 22, z + 0 = -h + 1. Suppose -5*a = h*y - 32 + 12, -4 = y - 3*a. Let g = 5 - y. What is the units digit of g?
3
Suppose 0 = -5*i + 3*f + 11 - 38, -5 = -i - 2*f. Let j = i - -31. Suppose 0*q + j = 4*q. What is the units digit of q?
7
Let c(s) = 6*s**3 - 5*s**2 + 2*s + 7. Let q(o) = 7*o**3 - 5*o**2 + 2*o + 8. Let g(f) = -6*c(f) + 5*q(f). What is the tens digit of g(3)?
1
Let p = 4 - 2. Suppose 3*j - 3 = p*j. What is the units digit of -2 + j/(-6)*-18?
7
Let o = 5 + 3. Let r = o + -6. What is the units digit of r?
2
Suppose 3*c - 2*s - 304 = 0, -2*s + 296 = -c + 4*c. What is the units digit of c?
0
Let m = 6 - 6. Let s(n